{"id":24506,"date":"2026-02-20T06:00:42","date_gmt":"2026-02-20T05:00:42","guid":{"rendered":"https:\/\/ticinowine.ch\/eventi\/cantine-aperte-caves-ouvertes\/"},"modified":"2026-04-07T13:58:34","modified_gmt":"2026-04-07T11:58:34","slug":"caves-ouvertes","status":"publish","type":"eventi-content","link":"https:\/\/ticinowine.ch\/fr\/eventi\/caves-ouvertes\/","title":{"rendered":"Caves Ouvertes"},"content":{"rendered":"<p>La 26\u00e8me \u00e9dition de Cantine Aperte au Tessin se d\u00e9roulera sur deux week-ends: les 16 et 17 mai 2026, les caves Sottoceneri ouvriront leurs portes, et le week-end du 23 et 24 mai 2026, sera le tour des caves du Sopraceneri.<\/p>\n<p>Pendant ces deux week-ends, les caves du Tessin sont ouvertes, de 10 \u00e0 18 heures, aux visiteurs passionn\u00e9s et curieux pour leur permettre de d\u00e9couvrir les lieux de production, d&#8217;appr\u00e9cier les mill\u00e9simes, les vignobles et bien d&#8217;autres choses encore.<\/p>\n","protected":false},"excerpt":{"rendered":"<p>16-17 mai 2026 \u2013 Sottoceneri<br \/>\n23-24 mai 2026 \u2013 Sopraceneri<\/p>\n<p>Pendant ces deux week-ends, les caves viticoles du Tessin sont ouvertes de 10h00 \u00e0 18h00 pour les visites des passionn\u00e9s et des curieux, afin de d\u00e9couvrir les lieux de production, appr\u00e9cier les mill\u00e9simes, les vignobles et bien plus encore.<\/p>\n","protected":false},"featured_media":31836,"parent":0,"template":"","escludi":[],"class_list":["post-24506","eventi-content","type-eventi-content","status-publish","has-post-thumbnail","hentry"],"yoast_head":"<!-- This site is optimized with the Yoast SEO plugin v27.3 - https:\/\/yoast.com\/product\/yoast-seo-wordpress\/ -->\n<title>Caves Ouvertes - Ticinowine<\/title>\n<meta name=\"description\" content=\"La 26\u00e8me \u00e9dition de Cantine Aperte au Tessin se d\u00e9roulera sur deux week-ends: les 16 et 17 mai 2026, les caves Sottoceneri ouvriront leurs portes, et le week-end du 23 et 24 mai 2026, sera le tour des caves du Sopraceneri.\" \/>\n<meta name=\"robots\" content=\"index, follow, max-snippet:-1, max-image-preview:large, max-video-preview:-1\" \/>\n<link rel=\"canonical\" href=\"https:\/\/ticinowine.ch\/fr\/eventi\/caves-ouvertes\/\" \/>\n<meta property=\"og:locale\" content=\"fr_FR\" \/>\n<meta property=\"og:type\" content=\"article\" \/>\n<meta property=\"og:title\" content=\"Caves Ouvertes - Ticinowine\" \/>\n<meta property=\"og:description\" content=\"La 26\u00e8me \u00e9dition de Cantine Aperte au Tessin se d\u00e9roulera sur deux week-ends: les 16 et 17 mai 2026, les caves Sottoceneri ouvriront leurs portes, et le week-end du 23 et 24 mai 2026, sera le tour des caves du Sopraceneri.\" \/>\n<meta property=\"og:url\" content=\"https:\/\/ticinowine.ch\/fr\/eventi\/caves-ouvertes\/\" \/>\n<meta property=\"og:site_name\" content=\"Ticinowine\" \/>\n<meta property=\"article:publisher\" content=\"https:\/\/www.facebook.com\/ticinowine.viniticinesi\" \/>\n<meta property=\"article:modified_time\" content=\"2026-04-07T11:58:34+00:00\" \/>\n<meta property=\"og:image\" content=\"https:\/\/ticinowine.ch\/wp-content\/uploads\/2026\/04\/12422_TW-CA26_Quadrata_Web-scaled.jpg\" \/>\n\t<meta property=\"og:image:width\" content=\"2560\" \/>\n\t<meta property=\"og:image:height\" content=\"2560\" \/>\n\t<meta property=\"og:image:type\" content=\"image\/jpeg\" \/>\n<meta name=\"twitter:card\" content=\"summary_large_image\" \/>\n<meta name=\"twitter:label1\" content=\"Dur\u00e9e de lecture estim\u00e9e\" \/>\n\t<meta name=\"twitter:data1\" content=\"1 minute\" \/>\n<script type=\"application\/ld+json\" class=\"yoast-schema-graph\">{\"@context\":\"https:\\\/\\\/schema.org\",\"@graph\":[{\"@type\":\"WebPage\",\"@id\":\"https:\\\/\\\/ticinowine.ch\\\/fr\\\/eventi\\\/caves-ouvertes\\\/\",\"url\":\"https:\\\/\\\/ticinowine.ch\\\/fr\\\/eventi\\\/caves-ouvertes\\\/\",\"name\":\"Caves Ouvertes - Ticinowine\",\"isPartOf\":{\"@id\":\"https:\\\/\\\/ticinowine.ch\\\/#website\"},\"primaryImageOfPage\":{\"@id\":\"https:\\\/\\\/ticinowine.ch\\\/fr\\\/eventi\\\/caves-ouvertes\\\/#primaryimage\"},\"image\":{\"@id\":\"https:\\\/\\\/ticinowine.ch\\\/fr\\\/eventi\\\/caves-ouvertes\\\/#primaryimage\"},\"thumbnailUrl\":\"https:\\\/\\\/ticinowine.ch\\\/wp-content\\\/uploads\\\/2026\\\/04\\\/12422_TW-CA26_Quadrata_Web-scaled.jpg\",\"datePublished\":\"2026-02-20T05:00:42+00:00\",\"dateModified\":\"2026-04-07T11:58:34+00:00\",\"description\":\"La 26\u00e8me \u00e9dition de Cantine Aperte au Tessin se d\u00e9roulera sur deux week-ends: les 16 et 17 mai 2026, les caves Sottoceneri ouvriront leurs portes, et le week-end du 23 et 24 mai 2026, sera le tour des caves du Sopraceneri.\",\"breadcrumb\":{\"@id\":\"https:\\\/\\\/ticinowine.ch\\\/fr\\\/eventi\\\/caves-ouvertes\\\/#breadcrumb\"},\"inLanguage\":\"fr-FR\",\"potentialAction\":[{\"@type\":\"ReadAction\",\"target\":[\"https:\\\/\\\/ticinowine.ch\\\/fr\\\/eventi\\\/caves-ouvertes\\\/\"]}]},{\"@type\":\"ImageObject\",\"inLanguage\":\"fr-FR\",\"@id\":\"https:\\\/\\\/ticinowine.ch\\\/fr\\\/eventi\\\/caves-ouvertes\\\/#primaryimage\",\"url\":\"https:\\\/\\\/ticinowine.ch\\\/wp-content\\\/uploads\\\/2026\\\/04\\\/12422_TW-CA26_Quadrata_Web-scaled.jpg\",\"contentUrl\":\"https:\\\/\\\/ticinowine.ch\\\/wp-content\\\/uploads\\\/2026\\\/04\\\/12422_TW-CA26_Quadrata_Web-scaled.jpg\",\"width\":2560,\"height\":2560},{\"@type\":\"BreadcrumbList\",\"@id\":\"https:\\\/\\\/ticinowine.ch\\\/fr\\\/eventi\\\/caves-ouvertes\\\/#breadcrumb\",\"itemListElement\":[{\"@type\":\"ListItem\",\"position\":1,\"name\":\"Home\",\"item\":\"https:\\\/\\\/ticinowine.ch\\\/\"},{\"@type\":\"ListItem\",\"position\":2,\"name\":\"Eventi\",\"item\":\"https:\\\/\\\/ticinowine.ch\\\/fr\\\/eventi\\\/\"},{\"@type\":\"ListItem\",\"position\":3,\"name\":\"Caves Ouvertes\"}]},{\"@type\":\"WebSite\",\"@id\":\"https:\\\/\\\/ticinowine.ch\\\/#website\",\"url\":\"https:\\\/\\\/ticinowine.ch\\\/\",\"name\":\"Ticinowine\",\"description\":\"Interprofessione della Vite e del Vino Ticinese\",\"publisher\":{\"@id\":\"https:\\\/\\\/ticinowine.ch\\\/#organization\"},\"potentialAction\":[{\"@type\":\"SearchAction\",\"target\":{\"@type\":\"EntryPoint\",\"urlTemplate\":\"https:\\\/\\\/ticinowine.ch\\\/?s={search_term_string}\"},\"query-input\":{\"@type\":\"PropertyValueSpecification\",\"valueRequired\":true,\"valueName\":\"search_term_string\"}}],\"inLanguage\":\"fr-FR\"},{\"@type\":\"Organization\",\"@id\":\"https:\\\/\\\/ticinowine.ch\\\/#organization\",\"name\":\"Ticinowine\",\"url\":\"https:\\\/\\\/ticinowine.ch\\\/\",\"logo\":{\"@type\":\"ImageObject\",\"inLanguage\":\"fr-FR\",\"@id\":\"https:\\\/\\\/ticinowine.ch\\\/#\\\/schema\\\/logo\\\/image\\\/\",\"url\":\"https:\\\/\\\/ticinowine.ch\\\/wp-content\\\/uploads\\\/2024\\\/10\\\/Ticinowine-promozione-vitivinicol-ticinese.svg\",\"contentUrl\":\"https:\\\/\\\/ticinowine.ch\\\/wp-content\\\/uploads\\\/2024\\\/10\\\/Ticinowine-promozione-vitivinicol-ticinese.svg\",\"caption\":\"Ticinowine\"},\"image\":{\"@id\":\"https:\\\/\\\/ticinowine.ch\\\/#\\\/schema\\\/logo\\\/image\\\/\"},\"sameAs\":[\"https:\\\/\\\/www.facebook.com\\\/ticinowine.viniticinesi\",\"https:\\\/\\\/www.instagram.com\\\/ticinowine\"]}]}<\/script>\n<!-- \/ Yoast SEO plugin. -->","yoast_head_json":{"title":"Caves Ouvertes - Ticinowine","description":"La 26\u00e8me \u00e9dition de Cantine Aperte au Tessin se d\u00e9roulera sur deux week-ends: les 16 et 17 mai 2026, les caves Sottoceneri ouvriront leurs portes, et le week-end du 23 et 24 mai 2026, sera le tour des caves du Sopraceneri.","robots":{"index":"index","follow":"follow","max-snippet":"max-snippet:-1","max-image-preview":"max-image-preview:large","max-video-preview":"max-video-preview:-1"},"canonical":"https:\/\/ticinowine.ch\/fr\/eventi\/caves-ouvertes\/","og_locale":"fr_FR","og_type":"article","og_title":"Caves Ouvertes - Ticinowine","og_description":"La 26\u00e8me \u00e9dition de Cantine Aperte au Tessin se d\u00e9roulera sur deux week-ends: les 16 et 17 mai 2026, les caves Sottoceneri ouvriront leurs portes, et le week-end du 23 et 24 mai 2026, sera le tour des caves du Sopraceneri.","og_url":"https:\/\/ticinowine.ch\/fr\/eventi\/caves-ouvertes\/","og_site_name":"Ticinowine","article_publisher":"https:\/\/www.facebook.com\/ticinowine.viniticinesi","article_modified_time":"2026-04-07T11:58:34+00:00","og_image":[{"width":2560,"height":2560,"url":"https:\/\/ticinowine.ch\/wp-content\/uploads\/2026\/04\/12422_TW-CA26_Quadrata_Web-scaled.jpg","type":"image\/jpeg"}],"twitter_card":"summary_large_image","twitter_misc":{"Dur\u00e9e de lecture estim\u00e9e":"1 minute"},"schema":{"@context":"https:\/\/schema.org","@graph":[{"@type":"WebPage","@id":"https:\/\/ticinowine.ch\/fr\/eventi\/caves-ouvertes\/","url":"https:\/\/ticinowine.ch\/fr\/eventi\/caves-ouvertes\/","name":"Caves Ouvertes - Ticinowine","isPartOf":{"@id":"https:\/\/ticinowine.ch\/#website"},"primaryImageOfPage":{"@id":"https:\/\/ticinowine.ch\/fr\/eventi\/caves-ouvertes\/#primaryimage"},"image":{"@id":"https:\/\/ticinowine.ch\/fr\/eventi\/caves-ouvertes\/#primaryimage"},"thumbnailUrl":"https:\/\/ticinowine.ch\/wp-content\/uploads\/2026\/04\/12422_TW-CA26_Quadrata_Web-scaled.jpg","datePublished":"2026-02-20T05:00:42+00:00","dateModified":"2026-04-07T11:58:34+00:00","description":"La 26\u00e8me \u00e9dition de Cantine Aperte au Tessin se d\u00e9roulera sur deux week-ends: les 16 et 17 mai 2026, les caves Sottoceneri ouvriront leurs portes, et le week-end du 23 et 24 mai 2026, sera le tour des caves du Sopraceneri.","breadcrumb":{"@id":"https:\/\/ticinowine.ch\/fr\/eventi\/caves-ouvertes\/#breadcrumb"},"inLanguage":"fr-FR","potentialAction":[{"@type":"ReadAction","target":["https:\/\/ticinowine.ch\/fr\/eventi\/caves-ouvertes\/"]}]},{"@type":"ImageObject","inLanguage":"fr-FR","@id":"https:\/\/ticinowine.ch\/fr\/eventi\/caves-ouvertes\/#primaryimage","url":"https:\/\/ticinowine.ch\/wp-content\/uploads\/2026\/04\/12422_TW-CA26_Quadrata_Web-scaled.jpg","contentUrl":"https:\/\/ticinowine.ch\/wp-content\/uploads\/2026\/04\/12422_TW-CA26_Quadrata_Web-scaled.jpg","width":2560,"height":2560},{"@type":"BreadcrumbList","@id":"https:\/\/ticinowine.ch\/fr\/eventi\/caves-ouvertes\/#breadcrumb","itemListElement":[{"@type":"ListItem","position":1,"name":"Home","item":"https:\/\/ticinowine.ch\/"},{"@type":"ListItem","position":2,"name":"Eventi","item":"https:\/\/ticinowine.ch\/fr\/eventi\/"},{"@type":"ListItem","position":3,"name":"Caves Ouvertes"}]},{"@type":"WebSite","@id":"https:\/\/ticinowine.ch\/#website","url":"https:\/\/ticinowine.ch\/","name":"Ticinowine","description":"Interprofessione della Vite e del Vino Ticinese","publisher":{"@id":"https:\/\/ticinowine.ch\/#organization"},"potentialAction":[{"@type":"SearchAction","target":{"@type":"EntryPoint","urlTemplate":"https:\/\/ticinowine.ch\/?s={search_term_string}"},"query-input":{"@type":"PropertyValueSpecification","valueRequired":true,"valueName":"search_term_string"}}],"inLanguage":"fr-FR"},{"@type":"Organization","@id":"https:\/\/ticinowine.ch\/#organization","name":"Ticinowine","url":"https:\/\/ticinowine.ch\/","logo":{"@type":"ImageObject","inLanguage":"fr-FR","@id":"https:\/\/ticinowine.ch\/#\/schema\/logo\/image\/","url":"https:\/\/ticinowine.ch\/wp-content\/uploads\/2024\/10\/Ticinowine-promozione-vitivinicol-ticinese.svg","contentUrl":"https:\/\/ticinowine.ch\/wp-content\/uploads\/2024\/10\/Ticinowine-promozione-vitivinicol-ticinese.svg","caption":"Ticinowine"},"image":{"@id":"https:\/\/ticinowine.ch\/#\/schema\/logo\/image\/"},"sameAs":["https:\/\/www.facebook.com\/ticinowine.viniticinesi","https:\/\/www.instagram.com\/ticinowine"]}]}},"_links":{"self":[{"href":"https:\/\/ticinowine.ch\/fr\/wp-json\/wp\/v2\/eventi-content\/24506","targetHints":{"allow":["GET"]}}],"collection":[{"href":"https:\/\/ticinowine.ch\/fr\/wp-json\/wp\/v2\/eventi-content"}],"about":[{"href":"https:\/\/ticinowine.ch\/fr\/wp-json\/wp\/v2\/types\/eventi-content"}],"version-history":[{"count":1,"href":"https:\/\/ticinowine.ch\/fr\/wp-json\/wp\/v2\/eventi-content\/24506\/revisions"}],"predecessor-version":[{"id":31886,"href":"https:\/\/ticinowine.ch\/fr\/wp-json\/wp\/v2\/eventi-content\/24506\/revisions\/31886"}],"wp:featuredmedia":[{"embeddable":true,"href":"https:\/\/ticinowine.ch\/fr\/wp-json\/wp\/v2\/media\/31836"}],"wp:attachment":[{"href":"https:\/\/ticinowine.ch\/fr\/wp-json\/wp\/v2\/media?parent=24506"}],"wp:term":[{"taxonomy":"escludi","embeddable":true,"href":"https:\/\/ticinowine.ch\/fr\/wp-json\/wp\/v2\/escludi?post=24506"}],"curies":[{"name":"wp","href":"https:\/\/api.w.org\/{rel}","templated":true}]}}

<p>La 26ème édition de Cantine Aperte au Tessin se déroulera sur deux week-ends: les 16 et 17 mai 2026, les caves Sottoceneri ouvriront leurs portes, et le week-end du 23 et 24 mai 2026, sera le tour des caves du Sopraceneri.</p>
<p>Pendant ces deux week-ends, les caves du Tessin sont ouvertes, de 10 à 18 heures, aux visiteurs passionnés et curieux pour leur permettre de découvrir les lieux de production, d&#8217;apprécier les millésimes, les vignobles et bien d&#8217;autres choses encore.</p>

<p>16-17 mai 2026 – Sottoceneri<br />
23-24 mai 2026 – Sopraceneri</p>
<p>Pendant ces deux week-ends, les caves viticoles du Tessin sont ouvertes de 10h00 à 18h00 pour les visites des passionnés et des curieux, afin de découvrir les lieux de production, apprécier les millésimes, les vignobles et bien plus encore.</p>

<!-- This site is optimized with the Yoast SEO plugin v27.3 - https://yoast.com/product/yoast-seo-wordpress/ -->
<title>Caves Ouvertes - Ticinowine</title>
<meta name="description" content="La 26ème édition de Cantine Aperte au Tessin se déroulera sur deux week-ends: les 16 et 17 mai 2026, les caves Sottoceneri ouvriront leurs portes, et le week-end du 23 et 24 mai 2026, sera le tour des caves du Sopraceneri." />
<meta name="robots" content="index, follow, max-snippet:-1, max-image-preview:large, max-video-preview:-1" />
<link rel="canonical" href="https://ticinowine.ch/fr/eventi/caves-ouvertes/" />
<meta property="og:locale" content="fr_FR" />
<meta property="og:type" content="article" />
<meta property="og:title" content="Caves Ouvertes - Ticinowine" />
<meta property="og:description" content="La 26ème édition de Cantine Aperte au Tessin se déroulera sur deux week-ends: les 16 et 17 mai 2026, les caves Sottoceneri ouvriront leurs portes, et le week-end du 23 et 24 mai 2026, sera le tour des caves du Sopraceneri." />
<meta property="og:url" content="https://ticinowine.ch/fr/eventi/caves-ouvertes/" />
<meta property="og:site_name" content="Ticinowine" />
<meta property="article:publisher" content="https://www.facebook.com/ticinowine.viniticinesi" />
<meta property="article:modified_time" content="2026-04-07T11:58:34+00:00" />
<meta property="og:image" content="https://ticinowine.ch/wp-content/uploads/2026/04/12422_TW-CA26_Quadrata_Web-scaled.jpg" />
	<meta property="og:image:width" content="2560" />
	<meta property="og:image:height" content="2560" />
	<meta property="og:image:type" content="image/jpeg" />
<meta name="twitter:card" content="summary_large_image" />
<meta name="twitter:label1" content="Durée de lecture estimée" />
	<meta name="twitter:data1" content="1 minute" />
<script type="application/ld+json" class="yoast-schema-graph">{"@context":"https:\/\/schema.org","@graph":[{"@type":"WebPage","@id":"https:\/\/ticinowine.ch\/fr\/eventi\/caves-ouvertes\/","url":"https:\/\/ticinowine.ch\/fr\/eventi\/caves-ouvertes\/","name":"Caves Ouvertes - Ticinowine","isPartOf":{"@id":"https:\/\/ticinowine.ch\/#website"},"primaryImageOfPage":{"@id":"https:\/\/ticinowine.ch\/fr\/eventi\/caves-ouvertes\/#primaryimage"},"image":{"@id":"https:\/\/ticinowine.ch\/fr\/eventi\/caves-ouvertes\/#primaryimage"},"thumbnailUrl":"https:\/\/ticinowine.ch\/wp-content\/uploads\/2026\/04\/12422_TW-CA26_Quadrata_Web-scaled.jpg","datePublished":"2026-02-20T05:00:42+00:00","dateModified":"2026-04-07T11:58:34+00:00","description":"La 26ème édition de Cantine Aperte au Tessin se déroulera sur deux week-ends: les 16 et 17 mai 2026, les caves Sottoceneri ouvriront leurs portes, et le week-end du 23 et 24 mai 2026, sera le tour des caves du Sopraceneri.","breadcrumb":{"@id":"https:\/\/ticinowine.ch\/fr\/eventi\/caves-ouvertes\/#breadcrumb"},"inLanguage":"fr-FR","potentialAction":[{"@type":"ReadAction","target":["https:\/\/ticinowine.ch\/fr\/eventi\/caves-ouvertes\/"]}]},{"@type":"ImageObject","inLanguage":"fr-FR","@id":"https:\/\/ticinowine.ch\/fr\/eventi\/caves-ouvertes\/#primaryimage","url":"https:\/\/ticinowine.ch\/wp-content\/uploads\/2026\/04\/12422_TW-CA26_Quadrata_Web-scaled.jpg","contentUrl":"https:\/\/ticinowine.ch\/wp-content\/uploads\/2026\/04\/12422_TW-CA26_Quadrata_Web-scaled.jpg","width":2560,"height":2560},{"@type":"BreadcrumbList","@id":"https:\/\/ticinowine.ch\/fr\/eventi\/caves-ouvertes\/#breadcrumb","itemListElement":[{"@type":"ListItem","position":1,"name":"Home","item":"https:\/\/ticinowine.ch\/"},{"@type":"ListItem","position":2,"name":"Eventi","item":"https:\/\/ticinowine.ch\/fr\/eventi\/"},{"@type":"ListItem","position":3,"name":"Caves Ouvertes"}]},{"@type":"WebSite","@id":"https:\/\/ticinowine.ch\/#website","url":"https:\/\/ticinowine.ch\/","name":"Ticinowine","description":"Interprofessione della Vite e del Vino Ticinese","publisher":{"@id":"https:\/\/ticinowine.ch\/#organization"},"potentialAction":[{"@type":"SearchAction","target":{"@type":"EntryPoint","urlTemplate":"https:\/\/ticinowine.ch\/?s={search_term_string}"},"query-input":{"@type":"PropertyValueSpecification","valueRequired":true,"valueName":"search_term_string"}}],"inLanguage":"fr-FR"},{"@type":"Organization","@id":"https:\/\/ticinowine.ch\/#organization","name":"Ticinowine","url":"https:\/\/ticinowine.ch\/","logo":{"@type":"ImageObject","inLanguage":"fr-FR","@id":"https:\/\/ticinowine.ch\/#\/schema\/logo\/image\/","url":"https:\/\/ticinowine.ch\/wp-content\/uploads\/2024\/10\/Ticinowine-promozione-vitivinicol-ticinese.svg","contentUrl":"https:\/\/ticinowine.ch\/wp-content\/uploads\/2024\/10\/Ticinowine-promozione-vitivinicol-ticinese.svg","caption":"Ticinowine"},"image":{"@id":"https:\/\/ticinowine.ch\/#\/schema\/logo\/image\/"},"sameAs":["https:\/\/www.facebook.com\/ticinowine.viniticinesi","https:\/\/www.instagram.com\/ticinowine"]}]}</script>
<!-- / Yoast SEO plugin. -->

La 26ème édition de Cantine Aperte au Tessin se déroulera sur deux week-ends: les 16 et 17 mai 2026, les caves Sottoceneri ouvriront leurs portes, et le week-end du 23 et 24 mai 2026, sera le tour des caves du Sopraceneri.
