{"id":28372,"date":"2026-02-19T10:37:17","date_gmt":"2026-02-19T09:37:17","guid":{"rendered":"https:\/\/ticinowine.ch\/?post_type=eventi-content&#038;p=28372"},"modified":"2026-02-25T08:53:03","modified_gmt":"2026-02-25T07:53:03","slug":"vini-in-villa","status":"publish","type":"eventi-content","link":"https:\/\/ticinowine.ch\/fr\/eventi\/vini-in-villa\/","title":{"rendered":"Vini in Villa"},"content":{"rendered":"<p>De retour \u00e0 Lugano, Vini in Villa, le rendez-vous d&#8217;avant No\u00ebl pour les amateurs de vin et les curieux, consacr\u00e9 aux vins du Tessin.<\/p>\n<p>L&#8217;occasion pour d\u00e9couvrir les caves de la r\u00e9gion, d\u00e9guster leurs vins et s&#8217;inspirer d&#8217;une centaine d&#8217;\u00e9tiquettes pour des cadeaux de f\u00eate. L&#8217;espace d&#8217;exposition am\u00e9nag\u00e9 dans la merveilleuse Villa Ciani \u00e0 Lugano accueillera une trentaine de caves. Le programme des \u00e9v\u00e9nements parall\u00e8les comprend des masterclasses, des conf\u00e9rences, des ateliers de d\u00e9gustation et de la musique live.<\/p>\n","protected":false},"excerpt":{"rendered":"<p>20-21 novembre 2026<\/p>\n<p>Vini in Villa revient \u00e0 Lugano, le rendez-vous de No\u00ebl pour les passionn\u00e9s de vins tessinois. D\u00e9couvrez et d\u00e9gustez plus de 200 vins de nos caves tessinoises.<\/p>\n","protected":false},"featured_media":31446,"parent":0,"template":"","escludi":[],"class_list":["post-28372","eventi-content","type-eventi-content","status-publish","has-post-thumbnail","hentry"],"yoast_head":"<!-- This site is optimized with the Yoast SEO plugin v27.3 - https:\/\/yoast.com\/product\/yoast-seo-wordpress\/ -->\n<title>Vini in Villa - Ticinowine<\/title>\n<meta name=\"robots\" content=\"index, follow, max-snippet:-1, max-image-preview:large, max-video-preview:-1\" \/>\n<link rel=\"canonical\" href=\"https:\/\/ticinowine.ch\/fr\/eventi\/vini-in-villa\/\" \/>\n<meta property=\"og:locale\" content=\"fr_FR\" \/>\n<meta property=\"og:type\" content=\"article\" \/>\n<meta property=\"og:title\" content=\"Vini in Villa - Ticinowine\" \/>\n<meta property=\"og:description\" content=\"20-21 novembre 2026  Vini in Villa revient \u00e0 Lugano, le rendez-vous de No\u00ebl pour les passionn\u00e9s de vins tessinois. D\u00e9couvrez et d\u00e9gustez plus de 200 vins de nos caves tessinoises.\" \/>\n<meta property=\"og:url\" content=\"https:\/\/ticinowine.ch\/fr\/eventi\/vini-in-villa\/\" \/>\n<meta property=\"og:site_name\" content=\"Ticinowine\" \/>\n<meta property=\"article:publisher\" content=\"https:\/\/www.facebook.com\/ticinowine.viniticinesi\" \/>\n<meta property=\"article:modified_time\" content=\"2026-02-25T07:53:03+00:00\" \/>\n<meta property=\"og:image\" content=\"https:\/\/ticinowine.ch\/wp-content\/uploads\/2025\/09\/12442_Ticinowine_TW-ViniInVilla_Quadrata_Web.jpg\" \/>\n\t<meta property=\"og:image:width\" content=\"1913\" \/>\n\t<meta property=\"og:image:height\" content=\"1913\" \/>\n\t<meta property=\"og:image:type\" content=\"image\/jpeg\" \/>\n<meta name=\"twitter:card\" content=\"summary_large_image\" \/>\n<meta name=\"twitter:label1\" content=\"Dur\u00e9e de lecture estim\u00e9e\" \/>\n\t<meta name=\"twitter:data1\" content=\"1 minute\" \/>\n<script type=\"application\/ld+json\" class=\"yoast-schema-graph\">{\"@context\":\"https:\\\/\\\/schema.org\",\"@graph\":[{\"@type\":\"WebPage\",\"@id\":\"https:\\\/\\\/ticinowine.ch\\\/fr\\\/eventi\\\/vini-in-villa\\\/\",\"url\":\"https:\\\/\\\/ticinowine.ch\\\/fr\\\/eventi\\\/vini-in-villa\\\/\",\"name\":\"Vini in Villa - Ticinowine\",\"isPartOf\":{\"@id\":\"https:\\\/\\\/ticinowine.ch\\\/#website\"},\"primaryImageOfPage\":{\"@id\":\"https:\\\/\\\/ticinowine.ch\\\/fr\\\/eventi\\\/vini-in-villa\\\/#primaryimage\"},\"image\":{\"@id\":\"https:\\\/\\\/ticinowine.ch\\\/fr\\\/eventi\\\/vini-in-villa\\\/#primaryimage\"},\"thumbnailUrl\":\"https:\\\/\\\/ticinowine.ch\\\/wp-content\\\/uploads\\\/2025\\\/09\\\/12442_Ticinowine_TW-ViniInVilla_Quadrata_Web.jpg\",\"datePublished\":\"2026-02-19T09:37:17+00:00\",\"dateModified\":\"2026-02-25T07:53:03+00:00\",\"breadcrumb\":{\"@id\":\"https:\\\/\\\/ticinowine.ch\\\/fr\\\/eventi\\\/vini-in-villa\\\/#breadcrumb\"},\"inLanguage\":\"fr-FR\",\"potentialAction\":[{\"@type\":\"ReadAction\",\"target\":[\"https:\\\/\\\/ticinowine.ch\\\/fr\\\/eventi\\\/vini-in-villa\\\/\"]}]},{\"@type\":\"ImageObject\",\"inLanguage\":\"fr-FR\",\"@id\":\"https:\\\/\\\/ticinowine.ch\\\/fr\\\/eventi\\\/vini-in-villa\\\/#primaryimage\",\"url\":\"https:\\\/\\\/ticinowine.ch\\\/wp-content\\\/uploads\\\/2025\\\/09\\\/12442_Ticinowine_TW-ViniInVilla_Quadrata_Web.jpg\",\"contentUrl\":\"https:\\\/\\\/ticinowine.ch\\\/wp-content\\\/uploads\\\/2025\\\/09\\\/12442_Ticinowine_TW-ViniInVilla_Quadrata_Web.jpg\",\"width\":1913,\"height\":1913},{\"@type\":\"BreadcrumbList\",\"@id\":\"https:\\\/\\\/ticinowine.ch\\\/fr\\\/eventi\\\/vini-in-villa\\\/#breadcrumb\",\"itemListElement\":[{\"@type\":\"ListItem\",\"position\":1,\"name\":\"Home\",\"item\":\"https:\\\/\\\/ticinowine.ch\\\/\"},{\"@type\":\"ListItem\",\"position\":2,\"name\":\"Eventi\",\"item\":\"https:\\\/\\\/ticinowine.ch\\\/fr\\\/eventi\\\/\"},{\"@type\":\"ListItem\",\"position\":3,\"name\":\"Vini in Villa\"}]},{\"@type\":\"WebSite\",\"@id\":\"https:\\\/\\\/ticinowine.ch\\\/#website\",\"url\":\"https:\\\/\\\/ticinowine.ch\\\/\",\"name\":\"Ticinowine\",\"description\":\"Interprofessione della Vite e del Vino Ticinese\",\"publisher\":{\"@id\":\"https:\\\/\\\/ticinowine.ch\\\/#organization\"},\"potentialAction\":[{\"@type\":\"SearchAction\",\"target\":{\"@type\":\"EntryPoint\",\"urlTemplate\":\"https:\\\/\\\/ticinowine.ch\\\/?s={search_term_string}\"},\"query-input\":{\"@type\":\"PropertyValueSpecification\",\"valueRequired\":true,\"valueName\":\"search_term_string\"}}],\"inLanguage\":\"fr-FR\"},{\"@type\":\"Organization\",\"@id\":\"https:\\\/\\\/ticinowine.ch\\\/#organization\",\"name\":\"Ticinowine\",\"url\":\"https:\\\/\\\/ticinowine.ch\\\/\",\"logo\":{\"@type\":\"ImageObject\",\"inLanguage\":\"fr-FR\",\"@id\":\"https:\\\/\\\/ticinowine.ch\\\/#\\\/schema\\\/logo\\\/image\\\/\",\"url\":\"https:\\\/\\\/ticinowine.ch\\\/wp-content\\\/uploads\\\/2024\\\/10\\\/Ticinowine-promozione-vitivinicol-ticinese.svg\",\"contentUrl\":\"https:\\\/\\\/ticinowine.ch\\\/wp-content\\\/uploads\\\/2024\\\/10\\\/Ticinowine-promozione-vitivinicol-ticinese.svg\",\"caption\":\"Ticinowine\"},\"image\":{\"@id\":\"https:\\\/\\\/ticinowine.ch\\\/#\\\/schema\\\/logo\\\/image\\\/\"},\"sameAs\":[\"https:\\\/\\\/www.facebook.com\\\/ticinowine.viniticinesi\",\"https:\\\/\\\/www.instagram.com\\\/ticinowine\"]}]}<\/script>\n<!-- \/ Yoast SEO plugin. -->","yoast_head_json":{"title":"Vini in Villa - Ticinowine","robots":{"index":"index","follow":"follow","max-snippet":"max-snippet:-1","max-image-preview":"max-image-preview:large","max-video-preview":"max-video-preview:-1"},"canonical":"https:\/\/ticinowine.ch\/fr\/eventi\/vini-in-villa\/","og_locale":"fr_FR","og_type":"article","og_title":"Vini in Villa - Ticinowine","og_description":"20-21 novembre 2026  Vini in Villa revient \u00e0 Lugano, le rendez-vous de No\u00ebl pour les passionn\u00e9s de vins tessinois. D\u00e9couvrez et d\u00e9gustez plus de 200 vins de nos caves tessinoises.","og_url":"https:\/\/ticinowine.ch\/fr\/eventi\/vini-in-villa\/","og_site_name":"Ticinowine","article_publisher":"https:\/\/www.facebook.com\/ticinowine.viniticinesi","article_modified_time":"2026-02-25T07:53:03+00:00","og_image":[{"width":1913,"height":1913,"url":"https:\/\/ticinowine.ch\/wp-content\/uploads\/2025\/09\/12442_Ticinowine_TW-ViniInVilla_Quadrata_Web.jpg","type":"image\/jpeg"}],"twitter_card":"summary_large_image","twitter_misc":{"Dur\u00e9e de lecture estim\u00e9e":"1 minute"},"schema":{"@context":"https:\/\/schema.org","@graph":[{"@type":"WebPage","@id":"https:\/\/ticinowine.ch\/fr\/eventi\/vini-in-villa\/","url":"https:\/\/ticinowine.ch\/fr\/eventi\/vini-in-villa\/","name":"Vini in Villa - Ticinowine","isPartOf":{"@id":"https:\/\/ticinowine.ch\/#website"},"primaryImageOfPage":{"@id":"https:\/\/ticinowine.ch\/fr\/eventi\/vini-in-villa\/#primaryimage"},"image":{"@id":"https:\/\/ticinowine.ch\/fr\/eventi\/vini-in-villa\/#primaryimage"},"thumbnailUrl":"https:\/\/ticinowine.ch\/wp-content\/uploads\/2025\/09\/12442_Ticinowine_TW-ViniInVilla_Quadrata_Web.jpg","datePublished":"2026-02-19T09:37:17+00:00","dateModified":"2026-02-25T07:53:03+00:00","breadcrumb":{"@id":"https:\/\/ticinowine.ch\/fr\/eventi\/vini-in-villa\/#breadcrumb"},"inLanguage":"fr-FR","potentialAction":[{"@type":"ReadAction","target":["https:\/\/ticinowine.ch\/fr\/eventi\/vini-in-villa\/"]}]},{"@type":"ImageObject","inLanguage":"fr-FR","@id":"https:\/\/ticinowine.ch\/fr\/eventi\/vini-in-villa\/#primaryimage","url":"https:\/\/ticinowine.ch\/wp-content\/uploads\/2025\/09\/12442_Ticinowine_TW-ViniInVilla_Quadrata_Web.jpg","contentUrl":"https:\/\/ticinowine.ch\/wp-content\/uploads\/2025\/09\/12442_Ticinowine_TW-ViniInVilla_Quadrata_Web.jpg","width":1913,"height":1913},{"@type":"BreadcrumbList","@id":"https:\/\/ticinowine.ch\/fr\/eventi\/vini-in-villa\/#breadcrumb","itemListElement":[{"@type":"ListItem","position":1,"name":"Home","item":"https:\/\/ticinowine.ch\/"},{"@type":"ListItem","position":2,"name":"Eventi","item":"https:\/\/ticinowine.ch\/fr\/eventi\/"},{"@type":"ListItem","position":3,"name":"Vini in Villa"}]},{"@type":"WebSite","@id":"https:\/\/ticinowine.ch\/#website","url":"https:\/\/ticinowine.ch\/","name":"Ticinowine","description":"Interprofessione della Vite e del Vino Ticinese","publisher":{"@id":"https:\/\/ticinowine.ch\/#organization"},"potentialAction":[{"@type":"SearchAction","target":{"@type":"EntryPoint","urlTemplate":"https:\/\/ticinowine.ch\/?s={search_term_string}"},"query-input":{"@type":"PropertyValueSpecification","valueRequired":true,"valueName":"search_term_string"}}],"inLanguage":"fr-FR"},{"@type":"Organization","@id":"https:\/\/ticinowine.ch\/#organization","name":"Ticinowine","url":"https:\/\/ticinowine.ch\/","logo":{"@type":"ImageObject","inLanguage":"fr-FR","@id":"https:\/\/ticinowine.ch\/#\/schema\/logo\/image\/","url":"https:\/\/ticinowine.ch\/wp-content\/uploads\/2024\/10\/Ticinowine-promozione-vitivinicol-ticinese.svg","contentUrl":"https:\/\/ticinowine.ch\/wp-content\/uploads\/2024\/10\/Ticinowine-promozione-vitivinicol-ticinese.svg","caption":"Ticinowine"},"image":{"@id":"https:\/\/ticinowine.ch\/#\/schema\/logo\/image\/"},"sameAs":["https:\/\/www.facebook.com\/ticinowine.viniticinesi","https:\/\/www.instagram.com\/ticinowine"]}]}},"_links":{"self":[{"href":"https:\/\/ticinowine.ch\/fr\/wp-json\/wp\/v2\/eventi-content\/28372","targetHints":{"allow":["GET"]}}],"collection":[{"href":"https:\/\/ticinowine.ch\/fr\/wp-json\/wp\/v2\/eventi-content"}],"about":[{"href":"https:\/\/ticinowine.ch\/fr\/wp-json\/wp\/v2\/types\/eventi-content"}],"version-history":[{"count":0,"href":"https:\/\/ticinowine.ch\/fr\/wp-json\/wp\/v2\/eventi-content\/28372\/revisions"}],"wp:featuredmedia":[{"embeddable":true,"href":"https:\/\/ticinowine.ch\/fr\/wp-json\/wp\/v2\/media\/31446"}],"wp:attachment":[{"href":"https:\/\/ticinowine.ch\/fr\/wp-json\/wp\/v2\/media?parent=28372"}],"wp:term":[{"taxonomy":"escludi","embeddable":true,"href":"https:\/\/ticinowine.ch\/fr\/wp-json\/wp\/v2\/escludi?post=28372"}],"curies":[{"name":"wp","href":"https:\/\/api.w.org\/{rel}","templated":true}]}}

<p>De retour à Lugano, Vini in Villa, le rendez-vous d&#8217;avant Noël pour les amateurs de vin et les curieux, consacré aux vins du Tessin.</p>
<p>L&#8217;occasion pour découvrir les caves de la région, déguster leurs vins et s&#8217;inspirer d&#8217;une centaine d&#8217;étiquettes pour des cadeaux de fête. L&#8217;espace d&#8217;exposition aménagé dans la merveilleuse Villa Ciani à Lugano accueillera une trentaine de caves. Le programme des événements parallèles comprend des masterclasses, des conférences, des ateliers de dégustation et de la musique live.</p>

<p>20-21 novembre 2026</p>
<p>Vini in Villa revient à Lugano, le rendez-vous de Noël pour les passionnés de vins tessinois. Découvrez et dégustez plus de 200 vins de nos caves tessinoises.</p>

<!-- This site is optimized with the Yoast SEO plugin v27.3 - https://yoast.com/product/yoast-seo-wordpress/ -->
<title>Vini in Villa - Ticinowine</title>
<meta name="robots" content="index, follow, max-snippet:-1, max-image-preview:large, max-video-preview:-1" />
<link rel="canonical" href="https://ticinowine.ch/fr/eventi/vini-in-villa/" />
<meta property="og:locale" content="fr_FR" />
<meta property="og:type" content="article" />
<meta property="og:title" content="Vini in Villa - Ticinowine" />
<meta property="og:description" content="20-21 novembre 2026  Vini in Villa revient à Lugano, le rendez-vous de Noël pour les passionnés de vins tessinois. Découvrez et dégustez plus de 200 vins de nos caves tessinoises." />
<meta property="og:url" content="https://ticinowine.ch/fr/eventi/vini-in-villa/" />
<meta property="og:site_name" content="Ticinowine" />
<meta property="article:publisher" content="https://www.facebook.com/ticinowine.viniticinesi" />
<meta property="article:modified_time" content="2026-02-25T07:53:03+00:00" />
<meta property="og:image" content="https://ticinowine.ch/wp-content/uploads/2025/09/12442_Ticinowine_TW-ViniInVilla_Quadrata_Web.jpg" />
	<meta property="og:image:width" content="1913" />
	<meta property="og:image:height" content="1913" />
	<meta property="og:image:type" content="image/jpeg" />
<meta name="twitter:card" content="summary_large_image" />
<meta name="twitter:label1" content="Durée de lecture estimée" />
	<meta name="twitter:data1" content="1 minute" />
<script type="application/ld+json" class="yoast-schema-graph">{"@context":"https:\/\/schema.org","@graph":[{"@type":"WebPage","@id":"https:\/\/ticinowine.ch\/fr\/eventi\/vini-in-villa\/","url":"https:\/\/ticinowine.ch\/fr\/eventi\/vini-in-villa\/","name":"Vini in Villa - Ticinowine","isPartOf":{"@id":"https:\/\/ticinowine.ch\/#website"},"primaryImageOfPage":{"@id":"https:\/\/ticinowine.ch\/fr\/eventi\/vini-in-villa\/#primaryimage"},"image":{"@id":"https:\/\/ticinowine.ch\/fr\/eventi\/vini-in-villa\/#primaryimage"},"thumbnailUrl":"https:\/\/ticinowine.ch\/wp-content\/uploads\/2025\/09\/12442_Ticinowine_TW-ViniInVilla_Quadrata_Web.jpg","datePublished":"2026-02-19T09:37:17+00:00","dateModified":"2026-02-25T07:53:03+00:00","breadcrumb":{"@id":"https:\/\/ticinowine.ch\/fr\/eventi\/vini-in-villa\/#breadcrumb"},"inLanguage":"fr-FR","potentialAction":[{"@type":"ReadAction","target":["https:\/\/ticinowine.ch\/fr\/eventi\/vini-in-villa\/"]}]},{"@type":"ImageObject","inLanguage":"fr-FR","@id":"https:\/\/ticinowine.ch\/fr\/eventi\/vini-in-villa\/#primaryimage","url":"https:\/\/ticinowine.ch\/wp-content\/uploads\/2025\/09\/12442_Ticinowine_TW-ViniInVilla_Quadrata_Web.jpg","contentUrl":"https:\/\/ticinowine.ch\/wp-content\/uploads\/2025\/09\/12442_Ticinowine_TW-ViniInVilla_Quadrata_Web.jpg","width":1913,"height":1913},{"@type":"BreadcrumbList","@id":"https:\/\/ticinowine.ch\/fr\/eventi\/vini-in-villa\/#breadcrumb","itemListElement":[{"@type":"ListItem","position":1,"name":"Home","item":"https:\/\/ticinowine.ch\/"},{"@type":"ListItem","position":2,"name":"Eventi","item":"https:\/\/ticinowine.ch\/fr\/eventi\/"},{"@type":"ListItem","position":3,"name":"Vini in Villa"}]},{"@type":"WebSite","@id":"https:\/\/ticinowine.ch\/#website","url":"https:\/\/ticinowine.ch\/","name":"Ticinowine","description":"Interprofessione della Vite e del Vino Ticinese","publisher":{"@id":"https:\/\/ticinowine.ch\/#organization"},"potentialAction":[{"@type":"SearchAction","target":{"@type":"EntryPoint","urlTemplate":"https:\/\/ticinowine.ch\/?s={search_term_string}"},"query-input":{"@type":"PropertyValueSpecification","valueRequired":true,"valueName":"search_term_string"}}],"inLanguage":"fr-FR"},{"@type":"Organization","@id":"https:\/\/ticinowine.ch\/#organization","name":"Ticinowine","url":"https:\/\/ticinowine.ch\/","logo":{"@type":"ImageObject","inLanguage":"fr-FR","@id":"https:\/\/ticinowine.ch\/#\/schema\/logo\/image\/","url":"https:\/\/ticinowine.ch\/wp-content\/uploads\/2024\/10\/Ticinowine-promozione-vitivinicol-ticinese.svg","contentUrl":"https:\/\/ticinowine.ch\/wp-content\/uploads\/2024\/10\/Ticinowine-promozione-vitivinicol-ticinese.svg","caption":"Ticinowine"},"image":{"@id":"https:\/\/ticinowine.ch\/#\/schema\/logo\/image\/"},"sameAs":["https:\/\/www.facebook.com\/ticinowine.viniticinesi","https:\/\/www.instagram.com\/ticinowine"]}]}</script>
<!-- / Yoast SEO plugin. -->

20-21 novembre 2026  Vini in Villa revient à Lugano, le rendez-vous de Noël pour les passionnés de vins tessinois. Découvrez et dégustez plus de 200 vins de nos caves tessinoises.
